rs of y(-3).
2, 29
Let w be (50 + 1)/((-40)/(-11520)). Suppose 11*b - w = -40*b. List the prime factors of b.
2, 3
Suppose 1261925 = -71*v - 55*v + 6174035. List the prime factors of v.
3, 5, 23, 113
What are the prime factors of -1*7 + (25 + -28 - -12323)?
7, 1759
Let s(d) = 75*d**2 + 2*d + 77. List the prime factors of s(-7).
2, 3, 7, 89
Let o(d) be the third derivative of -d**6/10 - d**4/4 - 5*d**3/3 - 12*d**2 - 1. What are the prime factors of o(-2)?
2, 7
Suppose 0 = 5*m + 25, 6*r + 5*m + 2521 = 10*r. Suppose 0 = j - 5*j + 4*f + 64, 2*f = -2*j + 16. Suppose j*d = 20*d - r. List the prime factors of d.
2, 3, 13
Let i(f) = -f**2 - 91*f + 3 + 101*f - 15. Let q be i(6). Suppose -q*h + 590 = -7*h. What are the prime factors of h?
2, 59
Suppose -96*b + 9375 = -1281. Let q be 0*(2/4 + 0). Suppose q = -4*t + 951 - b. List the prime factors of t.
2, 3, 5, 7
Let k be -3 - -1 - (-212)/(-4 - -2). List the prime factors of (-29 + (0 - 1))*180/k.
2, 5
Let f be -1 - -2 - 2 - -1. Let q be f + 4 + 6/(-6). What are the prime factors of q + ((-6)/4)/(6/(-424))?
109
Let y be -4060*(-6)/(-8)*14/(-21). Suppose 44*h - y = 39*h. List the prime factors of h.
2, 7, 29
Let c(i) be the first derivative of i**3 - 15*i**2/2 - 11*i - 1. Suppose 0 = 31*k - 49*k + 144. List the prime factors of c(k).
61
Suppose -2*y + 10 = 0, 5*y = 2*n - 78105 - 7600. List the prime factors of n.
5, 8573
Let k be 2*(1 + 2 + -1 - 4). Let d be ((-2)/k)/(46/(-12) - -4). Suppose d*v = -2*v + 725. What are the prime factors of v?
5, 29
Let k(w) = 3*w**3 - 43*w**2 + 7*w + 43. List the prime factors of k(19).
2, 5, 523
Let t(f) = -7*f - 11. Let p be t(-3). Suppose -12*i - 10 = -p*i, l + i - 434 = 0. Let j = -267 + l. List the prime factors of j.
2, 43
Let a = 68 - 68. Suppose 32*b - 36*b + 1556 = a. What are the prime factors of b?
389
Suppose 0*c - 7*c = 4*c. Suppose -3*z - 5*z + 456 = c. What are the prime factors of z?
3, 19
Suppose -13*q + 14 + 38 = 0. Let h = 2 - -4. Suppose -q*x = -h*x + 410. List the prime factors of x.
5, 41
Let g be 30/(-135) - 2/(-9). Suppose g*t - 3 = -t. Let p(j) = 44*j - 10. List the prime factors of p(t).
2, 61
Let f = 609 - 1226. Let i = f + 433. List the prime factors of -2 - ((0 + 2 - 4) + i).
2, 23
Let t(y) be the first derivative of -5*y**4/4 - y**3/3 - 5*y**2/2 - 13*y - 34. What are the prime factors of t(-4)?
311
Let c = 76 - 71. Suppose -d - 829 = c*m - 2292, 0 = 4*m - 5*d - 1182. What are the prime factors of m?
293
List the prime factors of (-4)/(-74) + (-32903385)/(-1591).
20681
Suppose 21*w = 1819 - 9757. Let u = -269 - w. What are the prime factors of u?
109
Suppose -10 + 4 = -3*k. Suppose f = -4*f + f. Suppose f*b + 91 = k*b - j, -4*j - 4 = 0. List the prime factors of b.
3, 5
Let u(t) = 94*t**2 - 300*t - 30. What are the prime factors of u(25)?
2, 5, 13, 197
What are the prime factors of (-1 + 11722/3)/(11/33)?
11719
Suppose -5*p = -z - 11, -4*p + 10 - 1 = -z. What are the prime factors of (657/45)/(z/(-35))?
7, 73
Suppose -9*s + 8*s = -292. Suppose g + 203 + s = 0. Let b = -242 - g. What are the prime factors of b?
11, 23
List the prime factors of (-11 + (-480)/(-45))*-42345.
3, 5, 941
Suppose 8 = 2*g, -5*g + 10*g = 4*a - 740. Let i = -91 + -9. Let v = a + i. What are the prime factors of v?
2, 3, 5
Let y(r) = 2*r**3 + 18*r**2 + 12 + 7 + 15*r + 0 - 20*r. Let z be y(-9). What are the prime factors of ((-747)/(-12))/(4/(z/6))?
2, 83
List the prime factors of -3 + 8744 - 0 - (-7)/(21/9).
2, 1093
Suppose -3057 - 3232 = 19*a. Let p = 764 + a. What are the prime factors of p?
433
Let b = -210 - -342. Suppose 2912 = 3*w + 10*w. Let p = w - b. List the prime factors of p.
2, 23
Suppose -l = -y + 48473, 300*l = -5*y + 297*l + 242389. List the prime factors of y.
2, 12119
Suppose -6 - 9 = -5*y. Suppose -108 = -y*n - n. Let l = 54 + n. List the prime factors of l.
3
Let l = 95 + -82. Suppose -l*x + 1891 = -1710. What are the prime factors of x?
277
Let i(s) = 318*s**3 - s**2 + s - 1. Let w be i(1). Suppose 8*u = 5*u - 5*j + 909, -w = -u + 3*j. List the prime factors of u.
2, 7, 11
Let l be 656/(9 + 29/(-3)). List the prime factors of (l/48)/((-2)/4).
41
Let b(o) = -690*o + 1213. List the prime factors of b(-22).
13, 97
Let i be (-2)/(8/12) + -107*1. What are the prime factors of (-3832)/(-22)*1 - (-20)/i?
2, 3, 29
Suppose -a + 1715 = -554*w + 556*w, 0 = -w + 5*a + 852. List the prime factors of w.
857
Suppose -c - 1 = 0, -p + 5*c - 7666 = -38676. List the prime factors of p.
3, 5, 13, 53
Suppose -245290 = -30*s - 92809 + 142179. What are the prime factors of s?
2, 3, 1637
Suppose 5*y - 18415 = -3*h - 6166, -4896 = -2*y - 3*h. What are the prime factors of y?
3, 19, 43
Let t(k) = 16*k**2 + 9*k + 509. List the prime factors of t(-16).
3, 1487
Suppose -4*k + 3*u = 4, 3*u + 36 = -4*k - 2*u. List the prime factors of (5670/24)/(-3)*k.
3, 5, 7
Let m be (8/10)/((-2)/(-1235)). Suppose -13*h + 86 - 34 = 0. Suppose 2*d - m = -2*d + 2*q, -h*d - 2*q = -490. List the prime factors of d.
3, 41
Let i(o) = -2*o**2 + 35*o + 11. Let b(h) = -h - 34. Let m be b(-13). Let s be (0 - m) + -8 + (9 - 5). What are the prime factors of i(s)?
2, 7
Let r(i) = -i**3 - 12*i**2 - 12*i - 17. Let x be r(-11). Let k be (-34215)/(-35) - x/14. Suppose 10*y = k + 122. What are the prime factors of y?
2, 5, 11
Suppose 4*r - 27492 = 4*h, 0*r + 22*h + 34348 = 5*r. List the prime factors of r.
2, 7, 491
Let w(z) = z**2 + 34*z + 200. What are the prime factors of w(-83)?
17, 251
Let c(j) = 141*j**2 + 11*j - 6. What are the prime factors of c(8)?
2, 29, 157
Let w be (2 + -5)/(-3) - 1. Let o = -377 + 395. Suppose w = -o*i + 11*i + 1113. List the prime factors of i.
3, 53
Let h(z) = 43*z**3 - 26*z - 93. List the prime factors of h(7).
2, 7237
Suppose 0 = 3*t + 3*v, 4*t - 6*t + 5*v = 0. Suppose t = -5*h + 2*x - 1734, 2*h - 5*x + 356 = h. Let m = 535 + h. What are the prime factors of m?
3, 7
Let a = 23703 + -8391. What are the prime factors of a?
2, 3, 11, 29
Suppose -3*d + 5*l + 340 = 0, 5*d - 2*l - 3*l = 560. Suppose -370 = -4*f - d. List the prime factors of f.
5, 13
Suppose -40 = -204*o + 199*o. Suppose m = -2*t + 5, -o*m = -11*m + 5*t + 4. What are the prime factors of m?
3
Let l(d) = -d**3 + 4*d**2 + 3*d - 8. Let j be l(-2). Let z(k) = 25*k + 42. What are the prime factors of z(j)?
2, 73
Suppose -118*q = -106*q + 72. List the prime factors of 711/q*(-168)/18.
2, 7, 79
Suppose -395*z - 46951 = -397*z + 5*g, 3*z - 70395 = -3*g. What are the prime factors of z?
2, 5867
Suppose -2690 = -t - 4*t. Let l = 949 - t. List the prime factors of l.
3, 137
Let z(v) = -3335*v**3 - 3*v**2 - 10*v - 2. What are the prime factors of z(-2)?
2, 11, 1213
Let d(x) = -x**2 + 30*x + 77. Let g = -134 + 153. What are the prime factors of d(g)?
2, 11, 13
Let k = 18950 - 7908. List the prime factors of k.
2, 5521
Let i(n) = n**3 - 38*n**2 - n + 40. Let a be i(38). Suppose -5 = b, b = -a*t + 5*t - 3806. List the prime factors of t.
7, 181
What are the prime factors of (4 + 2 + -5)*(853 + 0 + -4)?
3, 283
Let a(z) = -11*z - 9. Let s = 3 + 13. Suppose 4*l + t = -11, 5*t - 9 - s = 0. List the prime factors of a(l).
5, 7
What are the prime factors of (-4 + 18)/(5798/(-1160) - -5)?
2, 5, 7, 29
List the prime factors of ((-3)/(-42) + 341/77)*1*9828.
2, 3, 7, 13
Let x = 65699 + -45733. List the prime factors of x.
2, 67, 149
Suppose 19891*b - 19867*b = 1271424. List the prime factors of b.
2, 7, 11, 43
Let c(s) = s**2 - 15*s - 8. Let t be c(16). Suppose 9*j - 11*j + t = 0. Suppose -2*f + j*f = 216. List the prime factors of f.
2, 3
Let r(a) = -a**3 + 8*a**2 + 1. Let o be r(7). Let z be (7 - 2)*30/o. Suppose 82 = 2*s - u - u, z = u. What are the prime factors of s?
2, 11
Let j(i) = -5*i**3 - 17*i**2 + 49*i + 293. What are the prime factors of j(-13)?
2, 971
Suppose 0 = -3*d + 13*d. Suppose d*z - 4*o = 3*z + 1432, 5*z + o = -2364. Let v = z - -726. What are the prime factors of v?
2, 127
Let t(u) = -12*u**2 + 29 + 10*u + 6*u + 13*u**2. Let f be t(-13). Let l = 61 - f. List the prime factors of l.
71
Suppose 107*y = 108*y - 8. Suppose -y*u - 6*u = -2100. What are the prime factors of u?
2, 3, 5
Let f = -4948 + 13925. What are the prime factors of f?
47, 191
Let x(u) = u**2 - 2*u - 2. Let c(f) = 11*f**2 - 15*f + 60. Let p(s) = c(s) - x